{"id":37,"date":"2017-10-17T15:05:46","date_gmt":"2017-10-17T13:05:46","guid":{"rendered":"http:\/\/www.oe3fru.eu\/frfotographie\/?page_id=37"},"modified":"2018-02-08T17:46:04","modified_gmt":"2018-02-08T16:46:04","slug":"ueber-mich","status":"publish","type":"page","link":"https:\/\/www.oe3fru.eu\/frfotographie\/ueber-mich\/","title":{"rendered":"\u00dcber mich"},"content":{"rendered":"<p><strong>Werter Besucher,<\/strong><\/p>\n<p style=\"text-align: justify;\"><strong>seit 27.9.2017 besitze ich meine Wunsch-Cam, eine Canon EOS 77D! In weiterer Folge habe ich auch gleich eine neue Website gebastelt um meine Fotos f\u00fcr die \u00d6ffentlichkeit zug\u00e4nglich zu machen! Dies aus dem Grund um eventuell Freunde und Kollegen zu animieren, die Sch\u00f6nheiten unserer Natur im Waldviertel fotografisch festzuhalten und damit auch eventuell Werbung f\u00fcr die Sch\u00f6nheit unserer Heimat zu machen. Bei den ersten Beitr\u00e4gen habe ich einmal versucht die Kamera kennen zu lernen! In weiterer Folge werde ich versuchen allen M\u00f6glichkeiten der hochtechnologischen Cam auszunutzen. Meine alte und neue &#8222;Ausr\u00fcstung&#8220; k\u00f6nnt Ihr euch <span style=\"color: #339966;\"><a style=\"color: #339966;\" href=\"https:\/\/www.oe3fru.eu\/frfotographie\/ausruestung\/\">&gt;hier&lt;<\/a><\/span> ansehen! Viel Spass beim Anschauen!!<\/strong><\/p>\n<p>&nbsp;<\/p>\n","protected":false},"excerpt":{"rendered":"<p>Werter Besucher, seit 27.9.2017 besitze ich meine Wunsch-Cam, eine Canon EOS 77D! In weiterer Folge habe ich auch gleich eine neue Website gebastelt um meine Fotos f\u00fcr die \u00d6ffentlichkeit zug\u00e4nglich zu machen! Dies aus dem&#8230;<\/p>\n","protected":false},"author":1,"featured_media":0,"parent":0,"menu_order":0,"comment_status":"closed","ping_status":"closed","template":"","meta":{"footnotes":""},"class_list":["post-37","page","type-page","status-publish","hentry","no-post-thumbnail"],"jetpack_sharing_enabled":true,"_links":{"self":[{"href":"https:\/\/www.oe3fru.eu\/frfotographie\/wp-json\/wp\/v2\/pages\/37","targetHints":{"allow":["GET"]}}],"collection":[{"href":"https:\/\/www.oe3fru.eu\/frfotographie\/wp-json\/wp\/v2\/pages"}],"about":[{"href":"https:\/\/www.oe3fru.eu\/frfotographie\/wp-json\/wp\/v2\/types\/page"}],"author":[{"embeddable":true,"href":"https:\/\/www.oe3fru.eu\/frfotographie\/wp-json\/wp\/v2\/users\/1"}],"replies":[{"embeddable":true,"href":"https:\/\/www.oe3fru.eu\/frfotographie\/wp-json\/wp\/v2\/comments?post=37"}],"version-history":[{"count":0,"href":"https:\/\/www.oe3fru.eu\/frfotographie\/wp-json\/wp\/v2\/pages\/37\/revisions"}],"wp:attachment":[{"href":"https:\/\/www.oe3fru.eu\/frfotographie\/wp-json\/wp\/v2\/media?parent=37"}],"curies":[{"name":"wp","href":"https:\/\/api.w.org\/{rel}","templated":true}]}}